the hundred thousands digit of 231212623?
2
What is the millions digit of 756398724?
6
What is the hundreds digit of 117318372?
3
What is the hundred thousands digit of 56272267?
2
What is the hundred thousands digit of 60440515?
4
What is the billions digit of 1093274797?
1
What is the hundreds digit of 2419518228?
2
What is the hundreds digit of 365759473?
4
What is the hundred thousands digit of 3187738693?
7
What is the hundreds digit of 452111954?
9
What is the hundred millions digit of 2649117751?
6
What is the hundred thousands digit of 232982949?
9
What is the units digit of 482308690?
0
What is the hundreds digit of 30420934?
9
What is the units digit of 33919556?
6
What is the thousands digit of 7214507181?
7
What is the ten thousands digit of 561892520?
9
What is the hundreds digit of 655838666?
6
What is the units digit of 32723783?
3
What is the tens digit of 1845831683?
8
What is the thousands digit of 7689827710?
7
What is the hundred thousands digit of 2500639605?
6
What is the hundreds digit of 23420375?
3
What is the ten thousands digit of 46060297?
6
What is the hundred thousands digit of 38543333?
5
What is the units digit of 363280901?
1
What is the millions digit of 2101110825?
1
What is the tens digit of 6482356?
5
What is the ten thousands digit of 100961148?
6
What is the millions digit of 1014885527?
4
What is the hundreds digit of 6035948192?
1
What is the ten thousands digit of 48447792?
4
What is the ten millions digit of 52193646?
5
What is the tens digit of 1004402588?
8
What is the tens digit of 8796946?
4
What is the hundreds digit of 3177049648?
6
What is the millions digit of 1004705682?
4
What is the hundred thousands digit of 138710064?
7
What is the millions digit of 335207464?
5
What is the ten thousands digit of 1470315459?
1
What is the units digit of 13602872?
2
What is the thousands digit of 3955139326?
9
What is the ten thousands digit of 81060422?
6
What is the millions digit of 689240478?
9
What is the ten millions digit of 33530960?
3
What is the ten thousands digit of 242949516?
4
What is the ten thousands digit of 547339367?
3
What is the units digit of 77531445?
5
What is the ten thousands digit of 527951773?
5
What is the ten thousands digit of 2826560664?
6
What is the ten thousands digit of 3707199?
0
What is the thousands digit of 109563185?
3
What is the millions digit of 441390241?
1
What is the tens digit of 958706602?
0
What is the millions digit of 234589225?
4
What is the ten thousands digit of 826834729?
3
What is the thousands digit of 542549509?
9
What is the hundreds digit of 90237763?
7
What is the hundred thousands digit of 1735792679?
7
What is the ten millions digit of 233848375?
3
What is the millions digit of 49039984?
9
What is the ten thousands digit of 318132484?
3
What is the millions digit of 30007246?
0
What is the units digit of 1276199652?
2
What is the ten millions digit of 124175855?
2
What is the tens digit of 3783743513?
1
What is the millions digit of 18507092?
8
What is the tens digit of 75806917?
1
What is the tens digit of 2242666845?
4
What is the ten thousands digit of 1114073364?
7
What is the tens digit of 902852242?
4
What is the millions digit of 58853402?
8
What is the thousands digit of 495576067?
6
What is the millions digit of 65319828?
5
What is the hundreds digit of 15311388?
3
What is the ten thousands digit of 43512566?
1
What is the hundreds digit of 96614246?
2
What is the units digit of 38042031?
1
What is the thousands digit of 251496414?
6
What is the units digit of 140206608?
8
What is the ten millions digit of 1267023171?
6
What is the ten thousands digit of 2615475675?
7
What is the units digit of 37244887?
7
What is the hundreds digit of 618184062?
0
What is the hundreds digit of 355434879?
8
What is the hundred thousands digit of 102033831?
0
What is the millions digit of 58518416?
8
What is the units digit of 145220130?
0
What is the thousands digit of 87606079?
6
What is the ten thousands digit of 145434882?
3
What is the thousands digit of 719297417?
7
What is the hundreds digit of 35486448?
4
What is the ten thousands digit of 61234607?
3
What is the tens digit of 2134638667?
6
What is the hundred millions digit of 343615267?
3
What is the thousands digit of 70721765?
1
What is the millions digit of 9404135?
9
What is the ten millions digit of 1693678735?
9
What is the ten thousands digit of 426644865?
4
What is the ten thousands digit of 4500025623?
2
What is the millions digit of 74724895?
4
What is the ten millions digit of 90890556?
9
What is the hundred millions digit of 306909051?
3
What is the hundreds digit of 1225071790?
7
What is the ten thousands digit of 15823674?
2
What is the hundreds digit of 3087340626?
6
What is the units digit of 72981523?
3
What is the hundred millions digit of 1318060475?
3
What is the ten thousands digit of 9184399?
8
What is the units digit of 315342?
2
What is the units digit of 49398947?
7
What is the hundred thousands digit of 34659691?
6
What is the ten thousands digit of 2681687831?
8
What is the units digit of 42903221?
1
What is the hundred millions digit of 304909210?
3
What is the billions digit of 2935074608?
2
What is the units digit of 126501865?
5
What is the millions digit of 1236938306?
6
What is the thousands digit of 191545515?
5
What is the hundred thousands digit of 131540066?
5
What is the hundred thousands digit of 4997215643?
2
What is the millions digit of 29893434?
9
What is the tens digit of 43098517?
1
What is the hundreds digit of 849843178?
1
What is the units digit of 26983711?
1
What is the thousands digit of 6950540?
0
What is the ten millions digit of 3194509581?
9
What is the units digit of 5831437665?
5
What is the thousands digit of 10109740?
9
What is the hundred thousands digit of 1150390304?
3
What is the tens digit of 62801310?
1
What is the tens digit of 580329810?
1
What is the tens digit of 382437262?
6
What is the units digit of 557434855?
5
What is the hundred thousands digit of 15860593?
8
What is the thousands digit of 361997325?
7
What is the hundreds digit of 384129405?
4
What is the tens digit of 162384924?
2
What is the hundreds digit of 49934372?
3
What is the millions digit of 87793714?
7
What is the hundreds digit of 131096890?
8
What is the ten millions digit of 31797038?
3
What is the hundred thousands digit of 12180844?
1
What is the tens digit of 2177214978?
7
What is the ten millions digit of 2543400121?
4
What is the ten millions digit of 63570006?
6
What is the ten millions digit of 3954453993?
5
What is the ten millions digit of 217202724?
1
What is the units digit of 4606989234?
4
What is the millions digit of 2115632836?
5
What is the ten millions digit of 75987080?
7
What is the millions digit of 1445139969?
5
What is the millions digit of 176373591?
6
What is the ten millions digit of 281805222?
8
What is the hundred thousands digit of 1548355555?
3
What is the thousands digit of 396632026?
2
What is the ten thousands digit of 192771859?
7
What is the millions digit of 126834001?
6
What is the millions digit of 201984820?
1
What is the hundred millions digit of 104862641?
1
What is the millions digit of 114947014?
4
What is the ten thousands digit of 263502559?
0
What is the units digit of 409396158?
8
What is the hundred millions digit of 1283733797?
2
What is the ten millions digit of 941526594?
4
What is the tens digit of 71528318?
1
What is the millions digit of 155446469?
5
What is the hundred thousands digit of 905924692?
9
What is the ten millions digit of 413861397?
1
What is the units digit of 25753172?
2
What is the thousands digit of 549902251?
2
What is the ten thousands digit of 96176816?
7
What is the hundreds digit of 140851355?
3
What is the millions digit of 6533436386?
3
What is the hundred thousands digit of 67372494?
3
What is the units digit of 1192538662?
2
What is the ten millions digit of 870411638?
7
What is the hundred thousands digit of 55543278?
5
What is the ten millions digit of 295446307?
9
What is the thousands digit of 38955671?
5
What is the units digit of 59146481?
1
What is the units digit of 236904715?
5
What is the ten thousands digit of 11714505?
1
What is the ten millions digit of 6999